{"id":243,"date":"2017-10-16T21:06:47","date_gmt":"2017-10-16T21:06:47","guid":{"rendered":"http:\/\/s316935929.online.de\/?page_id=243"},"modified":"2024-05-02T20:56:47","modified_gmt":"2024-05-02T20:56:47","slug":"start","status":"publish","type":"page","link":"https:\/\/rederergmbh.de\/","title":{"rendered":"Guten Tag!"},"content":{"rendered":"<p>Herzlich willkommen bei der REDERER CONSULTANTS GmbH, wir freuen uns, dass Sie unsere Internet-Pr\u00e4senz besuchen.<\/p>\n<p>Wenn Sie unser Unternehmen noch gar nicht kennen, haben Sie die M\u00f6glichkeit, auf den folgenden Seiten anhand von Beispielen ein wenig Einblick in die Art und den Umfang unserer T\u00e4tigkeit zu erlangen.<\/p>\n<p>Seit \u00fcber 25 Jahren steht REDERER CONSULTANTS GmbH f\u00fcr Innovation, Verl\u00e4sslichkeit und Vertrauen. F\u00fcr dieses entgegengebrachte Vertrauen und die gute Zusammenarbeit bedanken wir uns bei unseren Kunden und Gesch\u00e4ftspartnern, denn unser Erfolg ist nur gemeinsam mit Ihnen m\u00f6glich.<\/p>\n<p>Bitte lassen Sie uns Ihre W\u00fcnsche und Fragen wissen, gerne beraten wir Sie ausf\u00fchrlich.<\/p>\n<p>Wir w\u00fcrden uns freuen, von Ihnen zu h\u00f6ren!<\/p>\n<p>REDERER CONSULTANTS GmbH, Bielefeld<\/p>\n<p>&nbsp;<\/p>\n<p>&nbsp;<\/p>\n<p>&nbsp;<\/p>\n<p><a href=\"https:\/\/rederergmbh.de\/?page_id=57\"><img loading=\"lazy\" decoding=\"async\" class=\"size-thumbnail wp-image-431 alignright\" src=\"http:\/\/rederergmbh.de\/wp-content\/uploads\/2018\/03\/post-it-VOR-150x150.jpg\" alt=\"\" width=\"150\" height=\"150\" srcset=\"https:\/\/rederergmbh.de\/wp-content\/uploads\/2018\/03\/post-it-VOR-150x150.jpg 150w, https:\/\/rederergmbh.de\/wp-content\/uploads\/2018\/03\/post-it-VOR-300x300.jpg 300w, https:\/\/rederergmbh.de\/wp-content\/uploads\/2018\/03\/post-it-VOR-768x768.jpg 768w, https:\/\/rederergmbh.de\/wp-content\/uploads\/2018\/03\/post-it-VOR-1024x1024.jpg 1024w, https:\/\/rederergmbh.de\/wp-content\/uploads\/2018\/03\/post-it-VOR-100x100.jpg 100w, https:\/\/rederergmbh.de\/wp-content\/uploads\/2018\/03\/post-it-VOR.jpg 1920w\" sizes=\"(max-width: 150px) 100vw, 150px\" \/><\/a><\/p>\n","protected":false},"excerpt":{"rendered":"<p>Herzlich willkommen bei der REDERER CONSULTANTS GmbH, wir freuen uns, dass Sie unsere Internet-Pr\u00e4senz besuchen. Wenn Sie unser Unternehmen noch gar nicht kennen, haben Sie die M\u00f6glichkeit, auf den folgenden Seiten anhand von Beispielen ein wenig Einblick in die Art und den Umfang unserer T\u00e4tigkeit zu erlangen. Seit \u00fcber 25 Jahren steht REDERER CONSULTANTS GmbH &hellip; <\/p>\n<p class=\"link-more\"><a href=\"https:\/\/rederergmbh.de\/\" class=\"more-link\"><span class=\"screen-reader-text\">\u201eGuten Tag!\u201c<\/span> weiterlesen<\/a><\/p>\n","protected":false},"author":1,"featured_media":0,"parent":0,"menu_order":1000,"comment_status":"closed","ping_status":"closed","template":"","meta":{"footnotes":""},"_links":{"self":[{"href":"https:\/\/rederergmbh.de\/index.php?rest_route=\/wp\/v2\/pages\/243"}],"collection":[{"href":"https:\/\/rederergmbh.de\/index.php?rest_route=\/wp\/v2\/pages"}],"about":[{"href":"https:\/\/rederergmbh.de\/index.php?rest_route=\/wp\/v2\/types\/page"}],"author":[{"embeddable":true,"href":"https:\/\/rederergmbh.de\/index.php?rest_route=\/wp\/v2\/users\/1"}],"replies":[{"embeddable":true,"href":"https:\/\/rederergmbh.de\/index.php?rest_route=%2Fwp%2Fv2%2Fcomments&post=243"}],"version-history":[{"count":37,"href":"https:\/\/rederergmbh.de\/index.php?rest_route=\/wp\/v2\/pages\/243\/revisions"}],"predecessor-version":[{"id":698,"href":"https:\/\/rederergmbh.de\/index.php?rest_route=\/wp\/v2\/pages\/243\/revisions\/698"}],"wp:attachment":[{"href":"https:\/\/rederergmbh.de\/index.php?rest_route=%2Fwp%2Fv2%2Fmedia&parent=243"}],"curies":[{"name":"wp","href":"https:\/\/api.w.org\/{rel}","templated":true}]}}