{"id":35,"date":"2017-10-16T14:17:14","date_gmt":"2017-10-16T14:17:14","guid":{"rendered":"http:\/\/s316935929.online.de\/?page_id=35"},"modified":"2024-05-03T09:21:49","modified_gmt":"2024-05-03T09:21:49","slug":"ueber-uns","status":"publish","type":"page","link":"https:\/\/rederergmbh.de\/?page_id=35","title":{"rendered":"Positionierung"},"content":{"rendered":"<p><span style=\"font-family: helvetica,arial,sans-serif; font-size: 12pt;\">Als extrem spezialisiertes Unternehmen verf\u00fcgt REDERER CONSULTANTS \u00fcber sehr detaillierte Kenntnisse des Marktsegments der gewerblichen und industriellen Immobilie.<\/span><\/p>\n<p><span style=\"font-family: helvetica,arial,sans-serif; font-size: 12pt;\">Der hohe Grad der Spezialisierung, das Know-how sowie das Selbstverst\u00e4ndnis von REDERER CONSULTANTS als Schnittstelle zwischen Initiatoren und Investoren kommen den diversen Aufgabenstellungen entgegen:<\/span><\/p>\n<p><span style=\"font-family: helvetica,arial,sans-serif; font-size: 12pt;\">\u2022\u00a0\u00a0 Erarbeitung von Projektentwicklungskonzeptionen<\/span><br \/>\n<span style=\"font-family: helvetica,arial,sans-serif; font-size: 12pt;\"> \u2022\u00a0\u00a0 Entwurf von Umnutzungsanalysen<\/span><br \/>\n<span style=\"font-family: helvetica,arial,sans-serif; font-size: 12pt;\"> \u2022\u00a0\u00a0 Erstellung von Umnutzung-, Wirtschaftlichkeits- und Standortanalysen<\/span><br \/>\n<span style=\"font-family: helvetica,arial,sans-serif; font-size: 12pt;\"> \u2022\u00a0\u00a0 Entwicklung von Ankaufs- und Verkaufskonzeptionen<\/span><br \/>\n<span style=\"font-family: helvetica,arial,sans-serif; font-size: 12pt;\"> \u2022\u00a0\u00a0 Outsourcing von Pr\u00fcfungs- und Begutachtungskapazit\u00e4ten<\/span><\/p>\n<p><span style=\"font-family: helvetica,arial,sans-serif; font-size: 12pt;\">Unsere Maxime ist die Konzentration auf die Qualit\u00e4t der individuellen Aufgabenbew\u00e4ltigung, nicht die Akquisation von Quantit\u00e4ten.<\/span><\/p>\n<p><span style=\"font-family: helvetica,arial,sans-serif; font-size: 12pt;\">Durch diese Reduktion auf das Wesentliche wird das Leistungsvolumen betr\u00e4chtlich erh\u00f6ht.<\/span><\/p>\n<p><span style=\"font-family: helvetica,arial,sans-serif; font-size: 12pt;\">Unsere Auftraggeber setzen personelle Kapazit\u00e4ten und zeitliche Ressourcen im eigenen Haus frei, steigern so die Effizienz und gewinnen Kapazit\u00e4ten f\u00fcr unternehmensspezifische Aufgabenstellungen.<\/span><\/p>\n<p><span style=\"font-size: 14pt;\"><img loading=\"lazy\" decoding=\"async\" class=\"alignnone wp-image-353 size-large\" src=\"http:\/\/s316935929.online.de\/wp-content\/uploads\/2017\/10\/Europa-1024x740.jpg\" alt=\"\" width=\"525\" height=\"379\" srcset=\"https:\/\/rederergmbh.de\/wp-content\/uploads\/2017\/10\/Europa-1024x740.jpg 1024w, https:\/\/rederergmbh.de\/wp-content\/uploads\/2017\/10\/Europa-300x217.jpg 300w, https:\/\/rederergmbh.de\/wp-content\/uploads\/2017\/10\/Europa-768x555.jpg 768w\" sizes=\"(max-width: 525px) 100vw, 525px\" \/><\/span><\/p>\n<p><span style=\"font-family: helvetica,arial,sans-serif; font-size: 12pt;\">REDERER CONSULTANTS ist europaweit t\u00e4tig und hat unter anderem bereits in folgenden L\u00e4ndern Projekte er- und bearbeitet:<\/span><\/p>\n<p><span style=\"font-family: helvetica,arial,sans-serif; font-size: 12pt;\">\u2022\u00a0\u00a0 Deutschland<\/span><br \/>\n<span style=\"font-family: helvetica,arial,sans-serif; font-size: 12pt;\"> \u2022\u00a0\u00a0 Belgien<\/span><br \/>\n<span style=\"font-family: helvetica,arial,sans-serif; font-size: 12pt;\"> \u2022\u00a0\u00a0 Griechenland<\/span><br \/>\n<span style=\"font-family: helvetica,arial,sans-serif; font-size: 12pt;\"> \u2022\u00a0\u00a0 Italien<\/span><br \/>\n<span style=\"font-family: helvetica,arial,sans-serif; font-size: 12pt;\"> \u2022\u00a0\u00a0 Niederlande<\/span><br \/>\n<span style=\"font-family: helvetica,arial,sans-serif; font-size: 12pt;\"> \u2022\u00a0\u00a0 \u00d6sterreich<\/span><br \/>\n<span style=\"font-family: helvetica,arial,sans-serif; font-size: 12pt;\"> \u2022\u00a0\u00a0 Polen<\/span><br \/>\n<span style=\"font-family: helvetica,arial,sans-serif; font-size: 12pt;\"> \u2022\u00a0\u00a0 Schweiz<\/span><br \/>\n<span style=\"font-family: helvetica,arial,sans-serif; font-size: 12pt;\"> \u2022\u00a0\u00a0 Tschechien<\/span><br \/>\n<span style=\"font-family: helvetica,arial,sans-serif; font-size: 12pt;\"> \u2022\u00a0\u00a0 Ungarn<\/span><\/p>\n<p><span style=\"font-family: helvetica,arial,sans-serif; font-size: 12pt;\">Unter den Men\u00fcpunkten <a href=\"https:\/\/rederergmbh.de\/?page_id=213\"><span style=\"color: #000080;\">Projektentwicklungen<\/span><\/a>, <a href=\"https:\/\/rederergmbh.de\/?page_id=290\"><span style=\"color: #000080;\">Projektmarketing<\/span><\/a> und <span style=\"color: #000080;\"><a style=\"color: #000080;\" href=\"https:\/\/rederergmbh.de\/?page_id=307\">Regenerative Energien<\/a> <\/span>finden Sie eine beispielhafte Auswahl deutscher und europ\u00e4ischer Projekte, die in der Vergangenheit erfolgreich realisiert wurden und das breite Spektrum unseres T\u00e4tigkeitsbereiches widerspiegeln.<\/span><\/p>\n<p><a href=\"https:\/\/rederergmbh.de\/?page_id=288\"><img loading=\"lazy\" decoding=\"async\" class=\"size-thumbnail wp-image-431 alignright\" src=\"http:\/\/rederergmbh.de\/wp-content\/uploads\/2018\/03\/post-it-VOR-150x150.jpg\" alt=\"\" width=\"150\" height=\"150\" srcset=\"https:\/\/rederergmbh.de\/wp-content\/uploads\/2018\/03\/post-it-VOR-150x150.jpg 150w, https:\/\/rederergmbh.de\/wp-content\/uploads\/2018\/03\/post-it-VOR-300x300.jpg 300w, https:\/\/rederergmbh.de\/wp-content\/uploads\/2018\/03\/post-it-VOR-768x768.jpg 768w, https:\/\/rederergmbh.de\/wp-content\/uploads\/2018\/03\/post-it-VOR-1024x1024.jpg 1024w, https:\/\/rederergmbh.de\/wp-content\/uploads\/2018\/03\/post-it-VOR-100x100.jpg 100w, https:\/\/rederergmbh.de\/wp-content\/uploads\/2018\/03\/post-it-VOR.jpg 1920w\" sizes=\"(max-width: 150px) 100vw, 150px\" \/><\/a><\/p>\n","protected":false},"excerpt":{"rendered":"<p>Als extrem spezialisiertes Unternehmen verf\u00fcgt REDERER CONSULTANTS \u00fcber sehr detaillierte Kenntnisse des Marktsegments der gewerblichen und industriellen Immobilie. Der hohe Grad der Spezialisierung, das Know-how sowie das Selbstverst\u00e4ndnis von REDERER CONSULTANTS als Schnittstelle zwischen Initiatoren und Investoren kommen den diversen Aufgabenstellungen entgegen: \u2022\u00a0\u00a0 Erarbeitung von Projektentwicklungskonzeptionen \u2022\u00a0\u00a0 Entwurf von Umnutzungsanalysen \u2022\u00a0\u00a0 Erstellung von Umnutzung-, Wirtschaftlichkeits- &hellip; <\/p>\n<p class=\"link-more\"><a href=\"https:\/\/rederergmbh.de\/?page_id=35\" class=\"more-link\"><span class=\"screen-reader-text\">\u201ePositionierung\u201c<\/span> weiterlesen<\/a><\/p>\n","protected":false},"author":1,"featured_media":532,"parent":0,"menu_order":3000,"comment_status":"closed","ping_status":"closed","template":"","meta":{"footnotes":""},"_links":{"self":[{"href":"https:\/\/rederergmbh.de\/index.php?rest_route=\/wp\/v2\/pages\/35"}],"collection":[{"href":"https:\/\/rederergmbh.de\/index.php?rest_route=\/wp\/v2\/pages"}],"about":[{"href":"https:\/\/rederergmbh.de\/index.php?rest_route=\/wp\/v2\/types\/page"}],"author":[{"embeddable":true,"href":"https:\/\/rederergmbh.de\/index.php?rest_route=\/wp\/v2\/users\/1"}],"replies":[{"embeddable":true,"href":"https:\/\/rederergmbh.de\/index.php?rest_route=%2Fwp%2Fv2%2Fcomments&post=35"}],"version-history":[{"count":24,"href":"https:\/\/rederergmbh.de\/index.php?rest_route=\/wp\/v2\/pages\/35\/revisions"}],"predecessor-version":[{"id":706,"href":"https:\/\/rederergmbh.de\/index.php?rest_route=\/wp\/v2\/pages\/35\/revisions\/706"}],"wp:featuredmedia":[{"embeddable":true,"href":"https:\/\/rederergmbh.de\/index.php?rest_route=\/wp\/v2\/media\/532"}],"wp:attachment":[{"href":"https:\/\/rederergmbh.de\/index.php?rest_route=%2Fwp%2Fv2%2Fmedia&parent=35"}],"curies":[{"name":"wp","href":"https:\/\/api.w.org\/{rel}","templated":true}]}}